{"id":16024,"date":"2023-11-14T08:52:38","date_gmt":"2023-11-14T08:52:38","guid":{"rendered":"https:\/\/myditex.com\/?page_id=16024"},"modified":"2023-11-24T10:08:27","modified_gmt":"2023-11-24T10:08:27","slug":"gallery","status":"publish","type":"page","link":"https:\/\/myditex.com\/?page_id=16024","title":{"rendered":"Nos r\u00e9alisations"},"content":{"rendered":"\t\t<div data-elementor-type=\"wp-page\" data-elementor-id=\"16024\" class=\"elementor elementor-16024\" data-elementor-post-type=\"page\">\n\t\t\t\t\t\t\t<div class=\"elementor-element elementor-element-3231dec3 e-flex e-con-boxed e-con e-parent\" data-id=\"3231dec3\" data-element_type=\"container\" data-settings=\"{&quot;background_background&quot;:&quot;classic&quot;,&quot;content_width&quot;:&quot;boxed&quot;}\" data-core-v316-plus=\"true\">\n\t\t\t\t\t<div class=\"e-con-inner\">\n\t\t<div class=\"elementor-element elementor-element-fb4de69 e-con-full e-flex elementor-invisible e-con e-child\" data-id=\"fb4de69\" data-element_type=\"container\" data-settings=\"{&quot;content_width&quot;:&quot;full&quot;,&quot;background_background&quot;:&quot;classic&quot;,&quot;position&quot;:&quot;absolute&quot;,&quot;animation&quot;:&quot;fadeInLeft&quot;}\">\n\t\t\t\t<\/div>\n\t\t<div class=\"elementor-element elementor-element-3c2bbab7 e-con-full e-flex e-con e-child\" data-id=\"3c2bbab7\" data-element_type=\"container\" data-settings=\"{&quot;content_width&quot;:&quot;full&quot;}\">\n\t\t<div class=\"elementor-element elementor-element-107ceb28 e-con-full e-flex e-con e-child\" data-id=\"107ceb28\" data-element_type=\"container\" data-settings=\"{&quot;content_width&quot;:&quot;full&quot;}\">\n\t\t\t\t<div class=\"elementor-element elementor-element-356ff48d exad-sticky-section-no exad-glass-effect-no elementor-invisible elementor-widget elementor-widget-heading\" data-id=\"356ff48d\" data-element_type=\"widget\" data-settings=\"{&quot;_animation&quot;:&quot;fadeIn&quot;}\" data-widget_type=\"heading.default\">\n\t\t\t\t<div class=\"elementor-widget-container\">\n\t\t\t<style>\/*! elementor - v3.17.0 - 08-11-2023 *\/\n.elementor-heading-title{padding:0;margin:0;line-height:1}.elementor-widget-heading .elementor-heading-title[class*=elementor-size-]>a{color:inherit;font-size:inherit;line-height:inherit}.elementor-widget-heading .elementor-heading-title.elementor-size-small{font-size:15px}.elementor-widget-heading .elementor-heading-title.elementor-size-medium{font-size:19px}.elementor-widget-heading .elementor-heading-title.elementor-size-large{font-size:29px}.elementor-widget-heading .elementor-heading-title.elementor-size-xl{font-size:39px}.elementor-widget-heading .elementor-heading-title.elementor-size-xxl{font-size:59px}<\/style><h1 class=\"elementor-heading-title elementor-size-default\">Nos r\u00e9alisations<\/h1>\t\t<\/div>\n\t\t\t\t<\/div>\n\t\t\t\t<div class=\"elementor-element elementor-element-3fc0253b elementor-widget__width-initial elementor-widget-mobile__width-inherit exad-sticky-section-no exad-glass-effect-no elementor-invisible elementor-widget elementor-widget-text-editor\" data-id=\"3fc0253b\" data-element_type=\"widget\" data-settings=\"{&quot;_animation&quot;:&quot;fadeIn&quot;,&quot;_animation_delay&quot;:&quot;200&quot;}\" data-widget_type=\"text-editor.default\">\n\t\t\t\t<div class=\"elementor-widget-container\">\n\t\t\t<style>\/*! elementor - v3.17.0 - 08-11-2023 *\/\n.elementor-widget-text-editor.elementor-drop-cap-view-stacked .elementor-drop-cap{background-color:#69727d;color:#fff}.elementor-widget-text-editor.elementor-drop-cap-view-framed .elementor-drop-cap{color:#69727d;border:3px solid;background-color:transparent}.elementor-widget-text-editor:not(.elementor-drop-cap-view-default) .elementor-drop-cap{margin-top:8px}.elementor-widget-text-editor:not(.elementor-drop-cap-view-default) .elementor-drop-cap-letter{width:1em;height:1em}.elementor-widget-text-editor .elementor-drop-cap{float:left;text-align:center;line-height:1;font-size:50px}.elementor-widget-text-editor .elementor-drop-cap-letter{display:inline-block}<\/style>\t\t\t\t<p>R\u00e9aliser vos projets est notre priorit\u00e9<\/p>\t\t\t\t\t\t<\/div>\n\t\t\t\t<\/div>\n\t\t\t\t<\/div>\n\t\t\t\t<\/div>\n\t\t\t\t\t<\/div>\n\t\t\t\t<\/div>\n\t\t\t\t\t\t\t<\/div>\n\t\t","protected":false},"excerpt":{"rendered":"<p>Nos r\u00e9alisations R\u00e9aliser vos projets est notre priorit\u00e9<\/p>\n","protected":false},"author":1,"featured_media":0,"parent":0,"menu_order":0,"comment_status":"closed","ping_status":"closed","template":"","meta":{"_monsterinsights_skip_tracking":false,"_monsterinsights_sitenote_active":false,"_monsterinsights_sitenote_note":"","_monsterinsights_sitenote_category":0,"footnotes":""},"class_list":["post-16024","page","type-page","status-publish","hentry"],"yoast_head":"<!-- This site is optimized with the Yoast SEO plugin v21.4 - https:\/\/yoast.com\/wordpress\/plugins\/seo\/ -->\n<title>Nos r\u00e9alisations - MyDiTex<\/title>\n<meta name=\"robots\" content=\"index, follow, max-snippet:-1, max-image-preview:large, max-video-preview:-1\" \/>\n<link rel=\"canonical\" href=\"https:\/\/myditex.com\/?page_id=16024\" \/>\n<meta property=\"og:locale\" content=\"fr_FR\" \/>\n<meta property=\"og:type\" content=\"article\" \/>\n<meta property=\"og:title\" content=\"Nos r\u00e9alisations - MyDiTex\" \/>\n<meta property=\"og:description\" content=\"Nos r\u00e9alisations R\u00e9aliser vos projets est notre priorit\u00e9\" \/>\n<meta property=\"og:url\" content=\"https:\/\/myditex.com\/?page_id=16024\" \/>\n<meta property=\"og:site_name\" content=\"MyDiTex\" \/>\n<meta property=\"article:modified_time\" content=\"2023-11-24T10:08:27+00:00\" \/>\n<meta name=\"twitter:card\" content=\"summary_large_image\" \/>\n<meta name=\"twitter:label1\" content=\"Dur\u00e9e de lecture estim\u00e9e\" \/>\n\t<meta name=\"twitter:data1\" content=\"1 minute\" \/>\n<script type=\"application\/ld+json\" class=\"yoast-schema-graph\">{\"@context\":\"https:\/\/schema.org\",\"@graph\":[{\"@type\":\"WebPage\",\"@id\":\"https:\/\/myditex.com\/?page_id=16024\",\"url\":\"https:\/\/myditex.com\/?page_id=16024\",\"name\":\"Nos r\u00e9alisations - MyDiTex\",\"isPartOf\":{\"@id\":\"https:\/\/myditex.com\/#website\"},\"datePublished\":\"2023-11-14T08:52:38+00:00\",\"dateModified\":\"2023-11-24T10:08:27+00:00\",\"breadcrumb\":{\"@id\":\"https:\/\/myditex.com\/?page_id=16024#breadcrumb\"},\"inLanguage\":\"fr-FR\",\"potentialAction\":[{\"@type\":\"ReadAction\",\"target\":[\"https:\/\/myditex.com\/?page_id=16024\"]}]},{\"@type\":\"BreadcrumbList\",\"@id\":\"https:\/\/myditex.com\/?page_id=16024#breadcrumb\",\"itemListElement\":[{\"@type\":\"ListItem\",\"position\":1,\"name\":\"Accueil\",\"item\":\"https:\/\/myditex.com\/\"},{\"@type\":\"ListItem\",\"position\":2,\"name\":\"Nos r\u00e9alisations\"}]},{\"@type\":\"WebSite\",\"@id\":\"https:\/\/myditex.com\/#website\",\"url\":\"https:\/\/myditex.com\/\",\"name\":\"MyDiTex\",\"description\":\"My digital textile\",\"publisher\":{\"@id\":\"https:\/\/myditex.com\/#organization\"},\"potentialAction\":[{\"@type\":\"SearchAction\",\"target\":{\"@type\":\"EntryPoint\",\"urlTemplate\":\"https:\/\/myditex.com\/?s={search_term_string}\"},\"query-input\":\"required name=search_term_string\"}],\"inLanguage\":\"fr-FR\"},{\"@type\":\"Organization\",\"@id\":\"https:\/\/myditex.com\/#organization\",\"name\":\"MyDiTex\",\"url\":\"https:\/\/myditex.com\/\",\"logo\":{\"@type\":\"ImageObject\",\"inLanguage\":\"fr-FR\",\"@id\":\"https:\/\/myditex.com\/#\/schema\/logo\/image\/\",\"url\":\"https:\/\/myditex.com\/wp-content\/uploads\/2023\/11\/LOGO-PRINCIPAL-e1699967966331.png\",\"contentUrl\":\"https:\/\/myditex.com\/wp-content\/uploads\/2023\/11\/LOGO-PRINCIPAL-e1699967966331.png\",\"width\":350,\"height\":107,\"caption\":\"MyDiTex\"},\"image\":{\"@id\":\"https:\/\/myditex.com\/#\/schema\/logo\/image\/\"}}]}<\/script>\n<!-- \/ Yoast SEO plugin. -->","yoast_head_json":{"title":"Nos r\u00e9alisations - MyDiTex","robots":{"index":"index","follow":"follow","max-snippet":"max-snippet:-1","max-image-preview":"max-image-preview:large","max-video-preview":"max-video-preview:-1"},"canonical":"https:\/\/myditex.com\/?page_id=16024","og_locale":"fr_FR","og_type":"article","og_title":"Nos r\u00e9alisations - MyDiTex","og_description":"Nos r\u00e9alisations R\u00e9aliser vos projets est notre priorit\u00e9","og_url":"https:\/\/myditex.com\/?page_id=16024","og_site_name":"MyDiTex","article_modified_time":"2023-11-24T10:08:27+00:00","twitter_card":"summary_large_image","twitter_misc":{"Dur\u00e9e de lecture estim\u00e9e":"1 minute"},"schema":{"@context":"https:\/\/schema.org","@graph":[{"@type":"WebPage","@id":"https:\/\/myditex.com\/?page_id=16024","url":"https:\/\/myditex.com\/?page_id=16024","name":"Nos r\u00e9alisations - MyDiTex","isPartOf":{"@id":"https:\/\/myditex.com\/#website"},"datePublished":"2023-11-14T08:52:38+00:00","dateModified":"2023-11-24T10:08:27+00:00","breadcrumb":{"@id":"https:\/\/myditex.com\/?page_id=16024#breadcrumb"},"inLanguage":"fr-FR","potentialAction":[{"@type":"ReadAction","target":["https:\/\/myditex.com\/?page_id=16024"]}]},{"@type":"BreadcrumbList","@id":"https:\/\/myditex.com\/?page_id=16024#breadcrumb","itemListElement":[{"@type":"ListItem","position":1,"name":"Accueil","item":"https:\/\/myditex.com\/"},{"@type":"ListItem","position":2,"name":"Nos r\u00e9alisations"}]},{"@type":"WebSite","@id":"https:\/\/myditex.com\/#website","url":"https:\/\/myditex.com\/","name":"MyDiTex","description":"My digital textile","publisher":{"@id":"https:\/\/myditex.com\/#organization"},"potentialAction":[{"@type":"SearchAction","target":{"@type":"EntryPoint","urlTemplate":"https:\/\/myditex.com\/?s={search_term_string}"},"query-input":"required name=search_term_string"}],"inLanguage":"fr-FR"},{"@type":"Organization","@id":"https:\/\/myditex.com\/#organization","name":"MyDiTex","url":"https:\/\/myditex.com\/","logo":{"@type":"ImageObject","inLanguage":"fr-FR","@id":"https:\/\/myditex.com\/#\/schema\/logo\/image\/","url":"https:\/\/myditex.com\/wp-content\/uploads\/2023\/11\/LOGO-PRINCIPAL-e1699967966331.png","contentUrl":"https:\/\/myditex.com\/wp-content\/uploads\/2023\/11\/LOGO-PRINCIPAL-e1699967966331.png","width":350,"height":107,"caption":"MyDiTex"},"image":{"@id":"https:\/\/myditex.com\/#\/schema\/logo\/image\/"}}]}},"_links":{"self":[{"href":"https:\/\/myditex.com\/index.php?rest_route=\/wp\/v2\/pages\/16024"}],"collection":[{"href":"https:\/\/myditex.com\/index.php?rest_route=\/wp\/v2\/pages"}],"about":[{"href":"https:\/\/myditex.com\/index.php?rest_route=\/wp\/v2\/types\/page"}],"author":[{"embeddable":true,"href":"https:\/\/myditex.com\/index.php?rest_route=\/wp\/v2\/users\/1"}],"replies":[{"embeddable":true,"href":"https:\/\/myditex.com\/index.php?rest_route=%2Fwp%2Fv2%2Fcomments&post=16024"}],"version-history":[{"count":8,"href":"https:\/\/myditex.com\/index.php?rest_route=\/wp\/v2\/pages\/16024\/revisions"}],"predecessor-version":[{"id":16350,"href":"https:\/\/myditex.com\/index.php?rest_route=\/wp\/v2\/pages\/16024\/revisions\/16350"}],"wp:attachment":[{"href":"https:\/\/myditex.com\/index.php?rest_route=%2Fwp%2Fv2%2Fmedia&parent=16024"}],"curies":[{"name":"wp","href":"https:\/\/api.w.org\/{rel}","templated":true}]}}